{"id":14,"date":"2015-07-20T11:54:39","date_gmt":"2015-07-20T11:54:39","guid":{"rendered":"http:\/\/kidsplanet.ancorathemes.com\/?page_id=14"},"modified":"2022-12-19T16:59:38","modified_gmt":"2022-12-19T16:59:38","slug":"about-us","status":"publish","type":"page","link":"https:\/\/neuromoves.net\/?page_id=14","title":{"rendered":"Historia"},"content":{"rendered":"<p>[vc_row][vc_column]<div class=\"sc_content content_wrap\" style=\"margin-top:5.45em !important;margin-bottom:5.35em !important;\"><div class=\"columns_wrap sc_columns columns_nofluid sc_columns_count_2 big_columns\"><div class=\"column-1_2 sc_column_item sc_column_item_1 odd first\"><figure class=\"sc_image  sc_image_shape_square\" style=\"max-height: 340px;\"><img decoding=\"async\" src=\"https:\/\/neuromoves.net\/wp-content\/uploads\/2022\/06\/HISTORIA03.jpg\" alt=\"\" \/><\/figure><figure class=\"sc_image  sc_image_shape_square\" style=\"max-height: 340px;\"><img decoding=\"async\" src=\"https:\/\/neuromoves.net\/wp-content\/uploads\/2022\/12\/HISTORIANEW01.jpg\" alt=\"\" \/><\/figure><figure class=\"sc_image  sc_image_shape_square\" style=\"max-height: 340px;\"><img decoding=\"async\" src=\"https:\/\/neuromoves.net\/wp-content\/uploads\/2022\/06\/HISTORIA05.jpg\" alt=\"\" \/><\/figure><figure class=\"sc_image  sc_image_shape_square\" style=\"max-height: 340px;\"><img decoding=\"async\" src=\"https:\/\/neuromoves.net\/wp-content\/uploads\/2022\/06\/HISTORIA04.jpg\" alt=\"\" \/><\/figure><figure class=\"sc_image  sc_image_shape_square\" style=\"max-height: 340px;\"><img decoding=\"async\" src=\"https:\/\/neuromoves.net\/wp-content\/uploads\/2022\/12\/HISTORIANEW02.jpg\" alt=\"\" \/><\/figure><figure class=\"sc_image  sc_image_shape_square\" style=\"max-height: 340px;\"><img decoding=\"async\" src=\"https:\/\/neuromoves.net\/wp-content\/uploads\/2022\/06\/HISTORIA01.jpg\" alt=\"\" \/><\/figure><\/div><div class=\"column-1_2 sc_column_item sc_column_item_2 paddingleft even\"><h6 class=\"sc_title sc_title_dotted\">Por qu\u00e9 elegirnos<\/h6><div class=\"sc_section\" style=\"margin-top:2.05em !important;\"><div class=\"sc_section_inner\"><span class=\"sc_icon icon-brush-1 sc_icon_shape_square alignleft honors\" style=\"color:#ffffff;background-color:#83c7d5;border-color:#83c7d5;\"><\/span><div class=\"sc_section\" style=\"margin-left:8.5em !important;\"><div class=\"sc_section_inner\"><h3 class=\"sc_title sc_title_regular\" style=\"margin-top:-0.25em;margin-bottom:0.5em;\">Historia<\/h3>[vc_column_text]NeuroMoves es un espacio educativo creado hace 8 a\u00f1os con el objetivo principal de ayudar al ni\u00f1o\/a en su aprendizaje.<\/p>\n<p>Apostamos por el movimiento y las emociones como elementos clave para un desarrollo pleno.<\/p>\n<p>Un enfoque integral, preventivo y de ayuda para favorecer su maduraci\u00f3n, para superar dificultades de aprendizaje, afrontar problemas escolares y de comportamiento.<\/p>\n<p>Todos sabemos de los efectos positivos que tiene el movimiento y las emociones en la salud pero lo que no se sabe con profundidad es de la gran importancia que tiene\u00a0 en los procesos de aprendizaje y en el desarrollo cerebral.<\/p>\n<p>Los ni\u00f1os\/as, en toda su etapa de desarrollo, tienen una tendencia natural hacia el movimiento. Ese movimiento natural, instintivo ( Reflejos Primitivos) tiene una finalidad y es la de desarrollar conexiones neuronales y con ello impulsar el desarrollo cerebral y cognitivo.<\/p>\n<p>Aunque nos cueste admitirlo, resulta que el cerebro no se cre\u00f3 para pensar, sino para permitir el control del movimiento y poder aprender de manera eficaz.<\/p>\n<p>Existe la falsa creencia de que para estudiar, para aprender, hay que estar sentado, quieto y callado.<\/p>\n<p>El movimiento es lo \u00fanico que activa todas las regiones cerebrales y con esta activaci\u00f3n mejora la atenci\u00f3n y la motivaci\u00f3n, fundamental para que el aprendizaje se pueda dar.<\/p>\n<p>Hay numerosos estudios que muestran la correlaci\u00f3n que existe entre la falta de habilidades f\u00edsicas y el bajo rendimiento acad\u00e9mico, independientemente del cociente intelectual.[\/vc_column_text]<\/div><\/div><\/div><\/div><div class=\"sc_section\" style=\"margin-top:2.5em !important;\"><div class=\"sc_section_inner\"><span class=\"sc_icon icon-face sc_icon_shape_square alignleft honors\" style=\"color:#ffffff;background-color:#83c7d5;border-color:#83c7d5;\"><\/span><div class=\"sc_section\" style=\"margin-left:8.5em !important;\"><div class=\"sc_section_inner\"><h3 class=\"sc_title sc_title_regular\" style=\"margin-top:-0.25em;margin-bottom:0.5em;\">Ni\u00f1os<\/h3>[vc_column_text]Hemos comprobado durante todos estos a\u00f1os que muchos de los ni\u00f1os que tienen problemas de aprendizaje (lectura, escritura, comprensi\u00f3n&#8230;) tiene que ver con su falta de equilibrio, afectando al procesamiento visual y a la coordinaci\u00f3n ojo-mano. El equilibrio y el control postural es fundamental para que el aprendizaje se de manera fluida.<\/p>\n<p>En NeuroMoves ayudamos a los ni\u00f1os\/as a desarrollar su cuerpo, su mente, sus emociones de forma que se beneficien m\u00e1s de sus ense\u00f1anzas escolares, les aporte lo que en la escuela le falta y se sientan mejor con ellos mismos.<\/p>\n<p>\u201cEl ni\u00f1o necesita moverse para desarrollarse, para aprender, para atender, para mejorar sus movimientos, para controlarse y controlar sus impulsos. El movimiento es energ\u00eda, es aprendizaje, es vida; y hay que aprender a vivir como hay que aprender a aprender.<\/p>\n<p>Por ello, hay movimientos que ayudan a vivir y movimientos que mejoran el aprender\u201d.<\/p>\n<p><strong>Melodie de Jager.<\/strong>[\/vc_column_text]<\/div><\/div><\/div><\/div><\/div><\/div><\/div>[\/vc_column][\/vc_row][vc_row][vc_column css=&#8221;.vc_custom_1438007951636{background-color: #f6f6f6 !important;}&#8221;]<div class=\"sc_content content_wrap\" style=\"margin-top:5.6em !important;margin-bottom:5em !important;\"><h6 class=\"sc_title sc_title_dotted accent1\" style=\"margin-bottom:4.55em;\">Equipo<\/h6><div id=\"sc_team_1312447966\" class=\"sc_team sc_team_style_team-3  sc_slider_nopagination sc_slider_nocontrols aligncenter\" style=\"width:100%;\" data-interval=\"9841\" data-slides-per-view=\"4\"><div class=\"sc_columns columns_wrap\"><div class=\"column-1_4 column_padding_bottom\">\t\t\t<div id=\"sc_team_1312447966_1\"\t\t\t\tclass=\"sc_team_item sc_team_item_1 odd first\"\n\t\t\t\t>\n\t\t\t\t<div class=\"sc_team_item_avatar\"><img loading=\"lazy\" decoding=\"async\" class=\"wp-post-image\" width=\"390\" height=\"390\" alt=\"Elena Ferr\u00f3n Cosme\" src=\"https:\/\/neuromoves.net\/wp-content\/uploads\/2015\/07\/ELENA-390x390.jpg\">\t\t\t\t\t<div class=\"sc_team_item_hover\">\n\t\t\t\t\t\t<div class=\"sc_team_item_socials\"><\/div>\n\t\t\t\t\t<\/div>\n\t\t\t\t<\/div>\n\t\t\t\t<div class=\"sc_team_item_info\">\n\t\t\t\t\t<h5 class=\"sc_team_item_title\"><a href=\"https:\/\/neuromoves.net\/?team=dr-cedric-conner\">Elena Ferr\u00f3n Cosme<\/a><\/h5>\n                    <div class=\"sc_team_item_description\">Estimulaci\u00f3n del aprendizaje a trav\u00e9s de la acci\u00f3n \u201caprender haciendo\u201d.<a href=\"https:\/\/neuromoves.net\/?team=dr-cedric-conner\" class=\"sc_icon icon-right sc_icon_shape_round sc_icon_bg_custom button_in_end\" style=\"font-weight:900;font-size:0.7em; line-height: 1.2em;\"><\/a><\/div>\n\t\t\t\t<\/div>\n\t\t\t<\/div>\n\t\t<\/div><\/div><\/div><a href=\"\/our-staff\/\" class=\"sc_button sc_button_square sc_button_style_filled  sc_button_bg_link sc_button_size_small aligncenter\" style=\"margin-top:1.7em;margin-bottom:0.65em;\">Ver m\u00e1s<\/a><\/div>[\/vc_column][\/vc_row][vc_row][vc_column css=&#8221;.vc_custom_1657095468841{background-image: url(http:\/\/neuromoves.net\/wp-content\/uploads\/2022\/07\/HISTORIA7-1.jpg?id=1668) !important;}&#8221;]<div class=\"sc_content content_wrap\" style=\"margin-top:8.5em !important;margin-bottom:10.7em !important;\"><h6 class=\"sc_title sc_title_dotted\" style=\"margin-bottom:2.4em;color:#ffffff;\">Juega mientras aprendes<\/h6><div class=\"columns_wrap sc_columns columns_nofluid sc_columns_count_2 play\"><div class=\"column-1_2 sc_column_item sc_column_item_1 odd first\"><div class=\"sc_section\" style=\"margin-top:2.05em !important;\"><div class=\"sc_section_inner\"><span class=\"sc_icon icon-brush-1 sc_icon_shape_square alignleft bighonors\" style=\"color:#ffffff;background-color:#83c7d5;border-color:#83c7d5;\"><\/span><div class=\"sc_section paddingright\" style=\"margin-left:11.8em !important;color:#ffffff;\"><div class=\"sc_section_inner\"><h3 class=\"sc_title sc_title_regular\" style=\"margin-top:0.25em;margin-bottom:0.75em;color:#ffffff;\">Centro de Aprendizaje<\/h3>[vc_column_text el_class=&#8221;white_text lh_1_4&#8243;]Nuestro equipo est\u00e1 muy feliz de ayudar a sus hijos a desarrollarse adecuadamente a trav\u00e9s del aprendizaje pr\u00e1ctico y experiencias divertidas.[\/vc_column_text]<\/div><\/div><\/div><\/div><div class=\"sc_section\" style=\"margin-top:3.45em !important;\"><div class=\"sc_section_inner\"><span class=\"sc_icon icon-tape sc_icon_shape_square alignleft bighonors\" style=\"color:#ffffff;background-color:#ff8454;border-color:#ff8454;\"><\/span><div class=\"sc_section paddingright\" style=\"margin-left:11.8em !important;color:#ffffff;\"><div class=\"sc_section_inner\"><h3 class=\"sc_title sc_title_regular\" style=\"margin-top:0.25em;margin-bottom:0.75em;color:#ffffff;\">Con amor y cuidado<\/h3>[vc_column_text el_class=&#8221;white_text lh_1_4&#8243;]Tenemos los profesionales m\u00e1s atentos y amorosos, as\u00ed que aseguramos de que vuestro hijo est\u00e9 seguro y feliz con nuestro equipo.[\/vc_column_text]<\/div><\/div><\/div><\/div><\/div><div class=\"column-1_2 sc_column_item sc_column_item_2 even\"><div class=\"sc_section\" style=\"margin-top:2.05em !important;\"><div class=\"sc_section_inner\"><span class=\"sc_icon icon-face sc_icon_shape_square alignleft bighonors\" style=\"color:#ffffff;background-color:#88c87b;border-color:#88c87b;\"><\/span><div class=\"sc_section paddingright\" style=\"margin-left:11.8em !important;color:#ffffff;\"><div class=\"sc_section_inner\"><h3 class=\"sc_title sc_title_regular\" style=\"margin-top:0.25em;margin-bottom:0.75em;color:#ffffff;\">Salud y seguridad<\/h3>[vc_column_text el_class=&#8221;white_text lh_1_4&#8243;]Nuestro centro est\u00e1 dotado de equipamiento de \u00faltima generaci\u00f3n para garantizar el bienestar y el correcto desarrollo de su hijo.[\/vc_column_text]<\/div><\/div><\/div><\/div><div class=\"sc_section\" style=\"margin-top:3.45em !important;\"><div class=\"sc_section_inner\"><span class=\"sc_icon icon-sun sc_icon_shape_square alignleft bighonors\" style=\"color:#ffffff;background-color:#ffdc4a;border-color:#ffdc4a;\"><\/span><div class=\"sc_section paddingright\" style=\"margin-left:11.8em !important;color:#ffffff;\"><div class=\"sc_section_inner\"><h3 class=\"sc_title sc_title_regular\" style=\"margin-top:0.25em;margin-bottom:0.75em;color:#ffffff;\">Apoyo familiar<\/h3>[vc_column_text el_class=&#8221;white_text lh_1_4&#8243;]\u00bfNo es una felicidad enterarse finalmente de que su familia ha encontrado un cuidado infantil que es tan cari\u00f1oso y solidario?[\/vc_column_text]<\/div><\/div><\/div><\/div><\/div><\/div><\/div>[\/vc_column][\/vc_row]<\/p>\n","protected":false},"excerpt":{"rendered":"<p>[vc_row][vc_column][\/vc_column][\/vc_row][vc_row][vc_column css=&#8221;.vc_custom_1438007951636{background-color: #f6f6f6 !important;}&#8221;][\/vc_column][\/vc_row][vc_row][vc_column css=&#8221;.vc_custom_1657095468841{background-image: url(http:\/\/neuromoves.net\/wp-content\/uploads\/2022\/07\/HISTORIA7-1.jpg?id=1668) !important;}&#8221;][\/vc_column][\/vc_row]<\/p>\n","protected":false},"author":1,"featured_media":0,"parent":0,"menu_order":0,"comment_status":"open","ping_status":"open","template":"","meta":{"footnotes":""},"class_list":["post-14","page","type-page","status-publish","hentry"],"_links":{"self":[{"href":"https:\/\/neuromoves.net\/index.php?rest_route=\/wp\/v2\/pages\/14"}],"collection":[{"href":"https:\/\/neuromoves.net\/index.php?rest_route=\/wp\/v2\/pages"}],"about":[{"href":"https:\/\/neuromoves.net\/index.php?rest_route=\/wp\/v2\/types\/page"}],"author":[{"embeddable":true,"href":"https:\/\/neuromoves.net\/index.php?rest_route=\/wp\/v2\/users\/1"}],"replies":[{"embeddable":true,"href":"https:\/\/neuromoves.net\/index.php?rest_route=%2Fwp%2Fv2%2Fcomments&post=14"}],"version-history":[{"count":20,"href":"https:\/\/neuromoves.net\/index.php?rest_route=\/wp\/v2\/pages\/14\/revisions"}],"predecessor-version":[{"id":1686,"href":"https:\/\/neuromoves.net\/index.php?rest_route=\/wp\/v2\/pages\/14\/revisions\/1686"}],"wp:attachment":[{"href":"https:\/\/neuromoves.net\/index.php?rest_route=%2Fwp%2Fv2%2Fmedia&parent=14"}],"curies":[{"name":"wp","href":"https:\/\/api.w.org\/{rel}","templated":true}]}}